{"id":489,"date":"2022-07-10T22:57:48","date_gmt":"2022-07-10T22:57:48","guid":{"rendered":"https:\/\/transatenas.cl\/web\/?page_id=489"},"modified":"2022-08-17T01:06:00","modified_gmt":"2022-08-17T01:06:00","slug":"quienes-somos","status":"publish","type":"page","link":"https:\/\/transatenas.cl\/web\/quienes-somos\/","title":{"rendered":"\u00bfQui\u00e9nes somos?"},"content":{"rendered":"<p>[et_pb_section fb_built=\u00bb1&#8243; fullwidth=\u00bbon\u00bb _builder_version=\u00bb4.4.7&#8243; height=\u00bb560px\u00bb max_height=\u00bb560px\u00bb][et_pb_fullwidth_slider _builder_version=\u00bb4.4.7&#8243; body_font_size=\u00bb12px\u00bb background_color_gradient_direction=\u00bb90deg\u00bb height=\u00bb560px\u00bb max_height=\u00bb560px\u00bb][et_pb_slide heading=\u00bbSomos un equipo a tu servicio\u00bb content_last_edited=\u00bboff|phone\u00bb _builder_version=\u00bb4.4.7&#8243; header_font=\u00bbRoboto|700||on|||||\u00bb header_font_size=\u00bb49px\u00bb header_line_height=\u00bb1.2em\u00bb body_font=\u00bb||||||||\u00bb body_font_size=\u00bb31px\u00bb body_line_height=\u00bb1.3em\u00bb background_enable_color=\u00bboff\u00bb use_background_color_gradient=\u00bbon\u00bb background_color_gradient_start=\u00bbrgba(0,0,0,0.81)\u00bb background_color_gradient_end=\u00bb#FFFFFF\u00bb background_color_gradient_direction=\u00bb90deg\u00bb background_image=\u00bbhttps:\/\/transatenas.cl\/web\/wp-content\/uploads\/2022\/08\/quenes_somos3.jpg\u00bb background_enable_image=\u00bbon\u00bb background_blend=\u00bbmultiply\u00bb custom_button=\u00bbon\u00bb button_bg_color=\u00bb#EA593B\u00bb button_border_color=\u00bbrgba(0,0,0,0)\u00bb button_border_radius=\u00bb10px\u00bb button_font=\u00bbMontserrat|700|||||||\u00bb text_orientation=\u00bbleft\u00bb header_text_color_tablet=\u00bb\u00bb header_text_color_phone=\u00bb\u00bb header_text_color_last_edited=\u00bbon|phone\u00bb header_font_size_tablet=\u00bb\u00bb header_font_size_phone=\u00bb25px\u00bb header_font_size_last_edited=\u00bbon|phone\u00bb body_font_size_tablet=\u00bb\u00bb body_font_size_phone=\u00bb21px\u00bb body_font_size_last_edited=\u00bbon|phone\u00bb custom_css_slide_title=\u00bbwidth:50%;\u00bb custom_css_slide_title_last_edited=\u00bbon|phone\u00bb custom_css_slide_title_phone=\u00bbwidth:80%;\u00bb]<\/p>\n<p>M\u00e1s de 500 colaboradores comprometidos<br \/> con tu operaci\u00f3n<\/p>\n<p>[\/et_pb_slide][\/et_pb_fullwidth_slider][\/et_pb_section][et_pb_section fb_built=\u00bb1&#8243; _builder_version=\u00bb4.4.7&#8243; custom_padding=\u00bb||10px||false|false\u00bb][et_pb_row _builder_version=\u00bb4.4.7&#8243; custom_margin=\u00bb||0px||false|false\u00bb custom_padding=\u00bb||0px||false|false\u00bb][et_pb_column type=\u00bb4_4&#8243; _builder_version=\u00bb4.4.7&#8243;][et_pb_text _builder_version=\u00bb4.4.7&#8243; text_font=\u00bbMontserrat|700||on|||||\u00bb text_text_color=\u00bb#ADC931&#8243; text_font_size=\u00bb35px\u00bb text_line_height=\u00bb1.2em\u00bb text_orientation=\u00bbcenter\u00bb custom_padding=\u00bb||20px||false|false\u00bb]<\/p>\n<p><b>Sobre nosotros<\/b><\/p>\n<p>[\/et_pb_text][et_pb_text _builder_version=\u00bb4.4.7&#8243; text_font=\u00bbRoboto|300|||||||\u00bb text_text_color=\u00bb#6b6b6b\u00bb text_font_size=\u00bb16px\u00bb text_line_height=\u00bb1.2em\u00bb text_orientation=\u00bbjustified\u00bb text_orientation_phone=\u00bbjustified\u00bb text_orientation_last_edited=\u00bboff|phone\u00bb]<\/p>\n<p>Transportes Atenas Ltda. nace jur\u00eddicamente en 2006, con el objetivo de consolidar una empresa familiar que inici\u00f3 su trayectoria hace m\u00e1s de 50 a\u00f1os, como socio transportista para la operaci\u00f3n log\u00edstica de uno de los mercados m\u00e1s exigentes del pa\u00eds: el retail.<\/p>\n<p>A lo largo de su historia Atenas ha impulsado sus servicios de \u00daltima Milla y Punto a Punto, aportando al desarrollo del comercio nacional, expandiendo sus operaciones de distribuci\u00f3n y despacho a 7 regiones del pa\u00eds. Operaci\u00f3n soportada por una flota de m\u00e1s de 400 veh\u00edculos y m\u00e1s de 600 colaboradores.<\/p>\n<p>En los a\u00f1os en que Atenas desarrolla su negocio diferentes cambios se han suscitado. La log\u00edstica de hoy ha cambiado y el comercio ha evolucionado como nunca antes.<\/p>\n<p>Compromiso y adaptabilidad son indiscutiblemente dos atributos que marcan la propuesta de valor de Atenas, pudiendo constatar con satisfacci\u00f3n que han sido bien recibidos, como aporte a clientes, socios, proveedores y colaboradores junto a quienes hoy Atenas ha logrado mantener importantes acuerdos y negocio, pero m\u00e1s all\u00e1 de ello, relaciones honestas y duraderas.<\/p>\n<p>Conoce m\u00e1s de la historia de Atenas <a href=\"https:\/\/transatenas.cl\/web\/2022\/08\/13\/una-historia-que-acompana-al-desarrollo-de-la-logistica-en-chile\/\" target=\"_blank\" rel=\"noopener noreferrer\">Ac\u00e1<\/a><\/p>\n<p>[\/et_pb_text][\/et_pb_column][\/et_pb_row][\/et_pb_section][et_pb_section fb_built=\u00bb1&#8243; _builder_version=\u00bb4.4.7&#8243; background_color=\u00bbrgba(0,0,0,0)\u00bb custom_margin=\u00bb0px||||false|false\u00bb custom_padding=\u00bb0px||||false|false\u00bb][et_pb_row _builder_version=\u00bb4.4.7&#8243;][et_pb_column type=\u00bb4_4&#8243; _builder_version=\u00bb4.4.7&#8243;][et_pb_text _builder_version=\u00bb4.4.7&#8243;]<\/p>\n<p style=\"text-align: center;\"><img loading=\"lazy\" decoding=\"async\" src=\"https:\/\/transatenas.cl\/web\/wp-content\/uploads\/2022\/07\/valores_1.png\" width=\"700\" height=\"514\" alt=\"\" class=\"wp-image-569 alignnone size-full\" srcset=\"https:\/\/transatenas.cl\/web\/wp-content\/uploads\/2022\/07\/valores_1.png 700w, https:\/\/transatenas.cl\/web\/wp-content\/uploads\/2022\/07\/valores_1-480x308.png 480w\" sizes=\"auto, (min-width: 0px) and (max-width: 480px) 480px, (min-width: 481px) 700px, 100vw\" \/><\/p>\n<p>[\/et_pb_text][\/et_pb_column][\/et_pb_row][\/et_pb_section][et_pb_section fb_built=\u00bb1&#8243; _builder_version=\u00bb4.4.7&#8243; background_color=\u00bb#F7F7F7&#8243;][et_pb_row _builder_version=\u00bb4.4.7&#8243;][et_pb_column type=\u00bb4_4&#8243; _builder_version=\u00bb4.4.7&#8243;][et_pb_text _builder_version=\u00bb4.4.7&#8243; text_font=\u00bbMontserrat|600||on|||||\u00bb text_text_color=\u00bb#6b6b6b\u00bb text_font_size=\u00bb22px\u00bb text_line_height=\u00bb1.2em\u00bb text_orientation=\u00bbcenter\u00bb custom_margin=\u00bb||0px||false|false\u00bb custom_padding=\u00bb||0px||false|false\u00bb]<\/p>\n<p>Nuestro equipo<\/p>\n<p>[\/et_pb_text][\/et_pb_column][\/et_pb_row][et_pb_row column_structure=\u00bb1_3,1_3,1_3&#8243; _builder_version=\u00bb4.14.7&#8243; locked=\u00bboff\u00bb][et_pb_column type=\u00bb1_3&#8243; _builder_version=\u00bb4.14.7&#8243;][et_pb_image src=\u00bbhttps:\/\/transatenas.cl\/web\/wp-content\/uploads\/2022\/08\/juan-carlos.jpg\u00bb title_text=\u00bbjuan carlos\u00bb align=\u00bbcenter\u00bb _builder_version=\u00bb4.4.7&#8243; module_alignment=\u00bbcenter\u00bb border_radii=\u00bbon|150px|150px|150px|150px\u00bb][\/et_pb_image][et_pb_text _builder_version=\u00bb4.4.7&#8243; text_font=\u00bbLato||||||||\u00bb text_text_color=\u00bb#6B6B6B\u00bb text_line_height=\u00bb1.2em\u00bb header_font=\u00bbLato||||||||\u00bb header_text_color=\u00bb#6B6B6B\u00bb header_font_size=\u00bb26px\u00bb header_line_height=\u00bb1.2em\u00bb text_orientation=\u00bbcenter\u00bb text_orientation_last_edited=\u00bboff|desktop\u00bb]<strong>Jorge Atenas<\/strong><br \/>\nGerente TI[\/et_pb_text][\/et_pb_column][et_pb_column type=\u00bb1_3&#8243; _builder_version=\u00bb4.14.7&#8243;][et_pb_image src=\u00bbhttps:\/\/transatenas.cl\/web\/wp-content\/uploads\/2022\/08\/jorge.jpg\u00bb title_text=\u00bbjorge\u00bb align=\u00bbcenter\u00bb _builder_version=\u00bb4.4.7&#8243; module_alignment=\u00bbcenter\u00bb border_radii=\u00bbon|150px|150px|150px|150px\u00bb][\/et_pb_image][et_pb_text _builder_version=\u00bb4.4.7&#8243; text_font=\u00bbLato||||||||\u00bb text_text_color=\u00bb#6B6B6B\u00bb text_line_height=\u00bb1.2em\u00bb header_font=\u00bbLato||||||||\u00bb header_text_color=\u00bb#6B6B6B\u00bb header_font_size=\u00bb26px\u00bb header_line_height=\u00bb1.2em\u00bb text_orientation=\u00bbcenter\u00bb text_orientation_last_edited=\u00bboff|desktop\u00bb]<strong>Juan Carlos Atenas<\/strong><br \/>\nGerente General[\/et_pb_text][\/et_pb_column][et_pb_column type=\u00bb1_3&#8243; _builder_version=\u00bb4.14.7&#8243;][et_pb_image src=\u00bbhttps:\/\/transatenas.cl\/web\/wp-content\/uploads\/2022\/08\/favian.jpg\u00bb title_text=\u00bbfavian\u00bb align=\u00bbcenter\u00bb _builder_version=\u00bb4.4.7&#8243; module_alignment=\u00bbcenter\u00bb border_radii=\u00bbon|150px|150px|150px|150px\u00bb][\/et_pb_image][et_pb_text _builder_version=\u00bb4.4.7&#8243; text_font=\u00bbLato||||||||\u00bb text_text_color=\u00bb#6B6B6B\u00bb text_line_height=\u00bb1.2em\u00bb header_font=\u00bbLato||||||||\u00bb header_text_color=\u00bb#6B6B6B\u00bb header_font_size=\u00bb26px\u00bb header_line_height=\u00bb1.2em\u00bb text_orientation=\u00bbcenter\u00bb text_orientation_last_edited=\u00bboff|desktop\u00bb]<strong>Fabi\u00e1n Gonz\u00e1lez <\/strong><br \/>\nGerente de Operaciones[\/et_pb_text][\/et_pb_column][\/et_pb_row][\/et_pb_section]<\/p>\n","protected":false},"excerpt":{"rendered":"<p>[et_pb_section fb_built=\u00bb1&#8243; fullwidth=\u00bbon\u00bb _builder_version=\u00bb4.4.7&#8243; height=\u00bb560px\u00bb max_height=\u00bb560px\u00bb][et_pb_fullwidth_slider _builder_version=\u00bb4.4.7&#8243; body_font_size=\u00bb12px\u00bb background_color_gradient_direction=\u00bb90deg\u00bb height=\u00bb560px\u00bb max_height=\u00bb560px\u00bb][et_pb_slide heading=\u00bbSomos un equipo a tu servicio\u00bb content_last_edited=\u00bboff|phone\u00bb _builder_version=\u00bb4.4.7&#8243; header_font=\u00bbRoboto|700||on|||||\u00bb header_font_size=\u00bb49px\u00bb header_line_height=\u00bb1.2em\u00bb body_font=\u00bb||||||||\u00bb body_font_size=\u00bb31px\u00bb body_line_height=\u00bb1.3em\u00bb background_enable_color=\u00bboff\u00bb use_background_color_gradient=\u00bbon\u00bb background_color_gradient_start=\u00bbrgba(0,0,0,0.81)\u00bb background_color_gradient_end=\u00bb#FFFFFF\u00bb background_color_gradient_direction=\u00bb90deg\u00bb background_image=\u00bbhttps:\/\/transatenas.cl\/web\/wp-content\/uploads\/2022\/08\/quenes_somos3.jpg\u00bb background_enable_image=\u00bbon\u00bb background_blend=\u00bbmultiply\u00bb custom_button=\u00bbon\u00bb button_bg_color=\u00bb#EA593B\u00bb button_border_color=\u00bbrgba(0,0,0,0)\u00bb button_border_radius=\u00bb10px\u00bb button_font=\u00bbMontserrat|700|||||||\u00bb text_orientation=\u00bbleft\u00bb header_text_color_tablet=\u00bb\u00bb header_text_color_phone=\u00bb\u00bb header_text_color_last_edited=\u00bbon|phone\u00bb header_font_size_tablet=\u00bb\u00bb header_font_size_phone=\u00bb25px\u00bb header_font_size_last_edited=\u00bbon|phone\u00bb body_font_size_tablet=\u00bb\u00bb body_font_size_phone=\u00bb21px\u00bb body_font_size_last_edited=\u00bbon|phone\u00bb custom_css_slide_title=\u00bbwidth:50%;\u00bb custom_css_slide_title_last_edited=\u00bbon|phone\u00bb custom_css_slide_title_phone=\u00bbwidth:80%;\u00bb] M\u00e1s de 500 colaboradores [&hellip;]<\/p>\n","protected":false},"author":1,"featured_media":0,"parent":0,"menu_order":0,"comment_status":"closed","ping_status":"closed","template":"","meta":{"_et_pb_use_builder":"on","_et_pb_old_content":"","_et_gb_content_width":"","footnotes":""},"class_list":["post-489","page","type-page","status-publish","hentry"],"yoast_head":"<!-- This site is optimized with the Yoast SEO plugin v19.5.1 - https:\/\/yoast.com\/wordpress\/plugins\/seo\/ -->\n<title>\u00bfQui\u00e9nes somos? - Atenas<\/title>\n<meta name=\"robots\" content=\"index, follow, max-snippet:-1, max-image-preview:large, max-video-preview:-1\" \/>\n<link rel=\"canonical\" href=\"https:\/\/transatenas.cl\/web\/quienes-somos\/\" \/>\n<meta property=\"og:locale\" content=\"es_ES\" \/>\n<meta property=\"og:type\" content=\"article\" \/>\n<meta property=\"og:title\" content=\"\u00bfQui\u00e9nes somos? - Atenas\" \/>\n<meta property=\"og:description\" content=\"[et_pb_section fb_built=\u00bb1&#8243; fullwidth=\u00bbon\u00bb _builder_version=\u00bb4.4.7&#8243; height=\u00bb560px\u00bb max_height=\u00bb560px\u00bb][et_pb_fullwidth_slider _builder_version=\u00bb4.4.7&#8243; body_font_size=\u00bb12px\u00bb background_color_gradient_direction=\u00bb90deg\u00bb height=\u00bb560px\u00bb max_height=\u00bb560px\u00bb][et_pb_slide heading=\u00bbSomos un equipo a tu servicio\u00bb content_last_edited=\u00bboff|phone\u00bb _builder_version=\u00bb4.4.7&#8243; header_font=\u00bbRoboto|700||on|||||\u00bb header_font_size=\u00bb49px\u00bb header_line_height=\u00bb1.2em\u00bb body_font=\u00bb||||||||\u00bb body_font_size=\u00bb31px\u00bb body_line_height=\u00bb1.3em\u00bb background_enable_color=\u00bboff\u00bb use_background_color_gradient=\u00bbon\u00bb background_color_gradient_start=\u00bbrgba(0,0,0,0.81)\u00bb background_color_gradient_end=\u00bb#FFFFFF\u00bb background_color_gradient_direction=\u00bb90deg\u00bb background_image=\u00bbhttps:\/\/transatenas.cl\/web\/wp-content\/uploads\/2022\/08\/quenes_somos3.jpg\u00bb background_enable_image=\u00bbon\u00bb background_blend=\u00bbmultiply\u00bb custom_button=\u00bbon\u00bb button_bg_color=\u00bb#EA593B\u00bb button_border_color=\u00bbrgba(0,0,0,0)\u00bb button_border_radius=\u00bb10px\u00bb button_font=\u00bbMontserrat|700|||||||\u00bb text_orientation=\u00bbleft\u00bb header_text_color_tablet=\u00bb\u00bb header_text_color_phone=\u00bb\u00bb header_text_color_last_edited=\u00bbon|phone\u00bb header_font_size_tablet=\u00bb\u00bb header_font_size_phone=\u00bb25px\u00bb header_font_size_last_edited=\u00bbon|phone\u00bb body_font_size_tablet=\u00bb\u00bb body_font_size_phone=\u00bb21px\u00bb body_font_size_last_edited=\u00bbon|phone\u00bb custom_css_slide_title=\u00bbwidth:50%;\u00bb custom_css_slide_title_last_edited=\u00bbon|phone\u00bb custom_css_slide_title_phone=\u00bbwidth:80%;\u00bb] M\u00e1s de 500 colaboradores [&hellip;]\" \/>\n<meta property=\"og:url\" content=\"https:\/\/transatenas.cl\/web\/quienes-somos\/\" \/>\n<meta property=\"og:site_name\" content=\"Atenas\" \/>\n<meta property=\"article:modified_time\" content=\"2022-08-17T01:06:00+00:00\" \/>\n<meta property=\"og:image\" content=\"https:\/\/transatenas.cl\/web\/wp-content\/uploads\/2022\/07\/valores_1.png\" \/>\n<meta name=\"twitter:card\" content=\"summary_large_image\" \/>\n<script type=\"application\/ld+json\" class=\"yoast-schema-graph\">{\"@context\":\"https:\/\/schema.org\",\"@graph\":[{\"@type\":\"WebPage\",\"@id\":\"https:\/\/transatenas.cl\/web\/quienes-somos\/\",\"url\":\"https:\/\/transatenas.cl\/web\/quienes-somos\/\",\"name\":\"\u00bfQui\u00e9nes somos? - Atenas\",\"isPartOf\":{\"@id\":\"https:\/\/transatenas.cl\/web\/#website\"},\"datePublished\":\"2022-07-10T22:57:48+00:00\",\"dateModified\":\"2022-08-17T01:06:00+00:00\",\"breadcrumb\":{\"@id\":\"https:\/\/transatenas.cl\/web\/quienes-somos\/#breadcrumb\"},\"inLanguage\":\"es\",\"potentialAction\":[{\"@type\":\"ReadAction\",\"target\":[\"https:\/\/transatenas.cl\/web\/quienes-somos\/\"]}]},{\"@type\":\"BreadcrumbList\",\"@id\":\"https:\/\/transatenas.cl\/web\/quienes-somos\/#breadcrumb\",\"itemListElement\":[{\"@type\":\"ListItem\",\"position\":1,\"name\":\"Portada\",\"item\":\"https:\/\/transatenas.cl\/web\/\"},{\"@type\":\"ListItem\",\"position\":2,\"name\":\"\u00bfQui\u00e9nes somos?\"}]},{\"@type\":\"WebSite\",\"@id\":\"https:\/\/transatenas.cl\/web\/#website\",\"url\":\"https:\/\/transatenas.cl\/web\/\",\"name\":\"Atenas\",\"description\":\"Operador Log&iacute;stico\",\"potentialAction\":[{\"@type\":\"SearchAction\",\"target\":{\"@type\":\"EntryPoint\",\"urlTemplate\":\"https:\/\/transatenas.cl\/web\/?s={search_term_string}\"},\"query-input\":\"required name=search_term_string\"}],\"inLanguage\":\"es\"}]}<\/script>\n<!-- \/ Yoast SEO plugin. -->","yoast_head_json":{"title":"\u00bfQui\u00e9nes somos? - Atenas","robots":{"index":"index","follow":"follow","max-snippet":"max-snippet:-1","max-image-preview":"max-image-preview:large","max-video-preview":"max-video-preview:-1"},"canonical":"https:\/\/transatenas.cl\/web\/quienes-somos\/","og_locale":"es_ES","og_type":"article","og_title":"\u00bfQui\u00e9nes somos? - Atenas","og_description":"[et_pb_section fb_built=\u00bb1&#8243; fullwidth=\u00bbon\u00bb _builder_version=\u00bb4.4.7&#8243; height=\u00bb560px\u00bb max_height=\u00bb560px\u00bb][et_pb_fullwidth_slider _builder_version=\u00bb4.4.7&#8243; body_font_size=\u00bb12px\u00bb background_color_gradient_direction=\u00bb90deg\u00bb height=\u00bb560px\u00bb max_height=\u00bb560px\u00bb][et_pb_slide heading=\u00bbSomos un equipo a tu servicio\u00bb content_last_edited=\u00bboff|phone\u00bb _builder_version=\u00bb4.4.7&#8243; header_font=\u00bbRoboto|700||on|||||\u00bb header_font_size=\u00bb49px\u00bb header_line_height=\u00bb1.2em\u00bb body_font=\u00bb||||||||\u00bb body_font_size=\u00bb31px\u00bb body_line_height=\u00bb1.3em\u00bb background_enable_color=\u00bboff\u00bb use_background_color_gradient=\u00bbon\u00bb background_color_gradient_start=\u00bbrgba(0,0,0,0.81)\u00bb background_color_gradient_end=\u00bb#FFFFFF\u00bb background_color_gradient_direction=\u00bb90deg\u00bb background_image=\u00bbhttps:\/\/transatenas.cl\/web\/wp-content\/uploads\/2022\/08\/quenes_somos3.jpg\u00bb background_enable_image=\u00bbon\u00bb background_blend=\u00bbmultiply\u00bb custom_button=\u00bbon\u00bb button_bg_color=\u00bb#EA593B\u00bb button_border_color=\u00bbrgba(0,0,0,0)\u00bb button_border_radius=\u00bb10px\u00bb button_font=\u00bbMontserrat|700|||||||\u00bb text_orientation=\u00bbleft\u00bb header_text_color_tablet=\u00bb\u00bb header_text_color_phone=\u00bb\u00bb header_text_color_last_edited=\u00bbon|phone\u00bb header_font_size_tablet=\u00bb\u00bb header_font_size_phone=\u00bb25px\u00bb header_font_size_last_edited=\u00bbon|phone\u00bb body_font_size_tablet=\u00bb\u00bb body_font_size_phone=\u00bb21px\u00bb body_font_size_last_edited=\u00bbon|phone\u00bb custom_css_slide_title=\u00bbwidth:50%;\u00bb custom_css_slide_title_last_edited=\u00bbon|phone\u00bb custom_css_slide_title_phone=\u00bbwidth:80%;\u00bb] M\u00e1s de 500 colaboradores [&hellip;]","og_url":"https:\/\/transatenas.cl\/web\/quienes-somos\/","og_site_name":"Atenas","article_modified_time":"2022-08-17T01:06:00+00:00","og_image":[{"url":"https:\/\/transatenas.cl\/web\/wp-content\/uploads\/2022\/07\/valores_1.png"}],"twitter_card":"summary_large_image","schema":{"@context":"https:\/\/schema.org","@graph":[{"@type":"WebPage","@id":"https:\/\/transatenas.cl\/web\/quienes-somos\/","url":"https:\/\/transatenas.cl\/web\/quienes-somos\/","name":"\u00bfQui\u00e9nes somos? - Atenas","isPartOf":{"@id":"https:\/\/transatenas.cl\/web\/#website"},"datePublished":"2022-07-10T22:57:48+00:00","dateModified":"2022-08-17T01:06:00+00:00","breadcrumb":{"@id":"https:\/\/transatenas.cl\/web\/quienes-somos\/#breadcrumb"},"inLanguage":"es","potentialAction":[{"@type":"ReadAction","target":["https:\/\/transatenas.cl\/web\/quienes-somos\/"]}]},{"@type":"BreadcrumbList","@id":"https:\/\/transatenas.cl\/web\/quienes-somos\/#breadcrumb","itemListElement":[{"@type":"ListItem","position":1,"name":"Portada","item":"https:\/\/transatenas.cl\/web\/"},{"@type":"ListItem","position":2,"name":"\u00bfQui\u00e9nes somos?"}]},{"@type":"WebSite","@id":"https:\/\/transatenas.cl\/web\/#website","url":"https:\/\/transatenas.cl\/web\/","name":"Atenas","description":"Operador Log&iacute;stico","potentialAction":[{"@type":"SearchAction","target":{"@type":"EntryPoint","urlTemplate":"https:\/\/transatenas.cl\/web\/?s={search_term_string}"},"query-input":"required name=search_term_string"}],"inLanguage":"es"}]}},"_links":{"self":[{"href":"https:\/\/transatenas.cl\/web\/wp-json\/wp\/v2\/pages\/489","targetHints":{"allow":["GET"]}}],"collection":[{"href":"https:\/\/transatenas.cl\/web\/wp-json\/wp\/v2\/pages"}],"about":[{"href":"https:\/\/transatenas.cl\/web\/wp-json\/wp\/v2\/types\/page"}],"author":[{"embeddable":true,"href":"https:\/\/transatenas.cl\/web\/wp-json\/wp\/v2\/users\/1"}],"replies":[{"embeddable":true,"href":"https:\/\/transatenas.cl\/web\/wp-json\/wp\/v2\/comments?post=489"}],"version-history":[{"count":21,"href":"https:\/\/transatenas.cl\/web\/wp-json\/wp\/v2\/pages\/489\/revisions"}],"predecessor-version":[{"id":707,"href":"https:\/\/transatenas.cl\/web\/wp-json\/wp\/v2\/pages\/489\/revisions\/707"}],"wp:attachment":[{"href":"https:\/\/transatenas.cl\/web\/wp-json\/wp\/v2\/media?parent=489"}],"curies":[{"name":"wp","href":"https:\/\/api.w.org\/{rel}","templated":true}]}}